{"id":346,"date":"2023-07-25T01:33:28","date_gmt":"2023-07-24T23:33:28","guid":{"rendered":"http:\/\/p3013.webmo.me\/wpav\/wpav\/inscription-daffilie\/"},"modified":"2024-07-15T22:56:21","modified_gmt":"2024-07-15T20:56:21","slug":"inscription-daffilie","status":"publish","type":"page","link":"https:\/\/harmoniser.fr\/wpav\/inscription-daffilie\/","title":{"rendered":"Inscription d&#8217;affili\u00e9"},"content":{"rendered":"<p><strong><span style=\"color: #339966;\">R\u00e9serv\u00e9 \u00e0 nos partenaires et futurs partenaires.<br \/>\n<\/span><\/strong><\/p>\n<div class=\"entry-content\">\n<p>Bonjour,<\/p>\n<p>Les harmonisateurs vous font du bien, et vous avez envie d\u2019en faire profiter les autres. Pour donner acc\u00e8s aux produits AVENI aux personnes que vous rencontrez dans le cadre de vos activit\u00e9s professionnelles ou dans votre entourage, nous vous proposons d\u2019\u00eatre affili\u00e9(e).<\/p>\n<p>Cette formule vous permet d&#8217;offrir une r\u00e9duction \u00e0 vos clients sur leurs achats tout en g\u00e9n\u00e9rant une commission \u00e0 votre b\u00e9n\u00e9fice.<\/p>\n<p>Pour ce faire, vous allez utiliser un code d&#8217;affiliation. Il vous est personnel et il est valable un an. Il est r\u00e9serv\u00e9 aux th\u00e9rapeutes,\u00a0 intervenants ou revendeurs ayant l\u2019intention d&#8217;apporter un certain montant de commandes (voir les <a href=\"http:\/\/p3013.webmo.me\/wpav\/conditions-daffiliation\/\"><span style=\"color: #0000ff;\">conditions d&#8217;affiliation<\/span><\/a>).<\/p>\n<p>Vous pouvez utiliser le &#8220;<em>Code promo pr\u00e9f\u00e9r\u00e9<\/em>&#8221; que nous vous avons sugg\u00e9r\u00e9 ou un autre code de votre composition (5 caract\u00e8res minimum) que vous pouvez nous soumettre.<\/p>\n<p>Dans les deux cas, pour le faire valider, merci de le saisir dans le deuxi\u00e8me cadre ci-dessous <em>&#8220;Code promo pr\u00e9f\u00e9r\u00e9&#8221;<\/em> qui s&#8217;affiche si vous \u00eates bien pr\u00e9alablement connect\u00e9 \u00e0 votre compte client (avec votre mot de passe initial).<\/p>\n<\/div>\n<p><strong> \r\n    \r\n    \r\n    \r\n    \r\n      \r\n      <div class=\"woocommerce-notices-wrapper\"><\/div><form class=\"woocommerce-form woocommerce-form-login login\" method=\"post\" >\n\n\t\n\t\n\t<p class=\"form-row form-row-first\">\n\t\t<label for=\"username\">Identifiant ou e-mail&nbsp;<span class=\"required\" aria-hidden=\"true\">*<\/span><span class=\"screen-reader-text\">Obligatoire<\/span><\/label>\n\t\t<input type=\"text\" class=\"input-text\" name=\"username\" id=\"username\" autocomplete=\"username\" required aria-required=\"true\" \/>\n\t<\/p>\n\t<p class=\"form-row form-row-last\">\n\t\t<label for=\"password\">Mot de passe&nbsp;<span class=\"required\" aria-hidden=\"true\">*<\/span><span class=\"screen-reader-text\">Obligatoire<\/span><\/label>\n\t\t<input class=\"input-text woocommerce-Input\" type=\"password\" name=\"password\" id=\"password\" autocomplete=\"current-password\" required aria-required=\"true\" \/>\n\t<\/p>\n\t<div class=\"clear\"><\/div>\n\n\t<div class=\"f12t\"><input type=\"hidden\" class=\"f12_timer\" name=\"f12_multiple_submission_protection\" value=\"$2y$10$E.nTYTT7OV\/pI3y3oh1A7.uJZvrSqJDiTmiF4GABvw.F\/twVboFKG\"\/><\/div><input id=\"f12_captcha\" type=\"text\" style=\"visibility:hidden!important; opacity:1!important; height:0!important; width:0!important; margin:0!important; padding:0!important;\" name=\"f12_captcha\" value=\"\"\/><input type=\"hidden\" name=\"behavior_nonce\" value=\"\" \/><script>\r\n(function(){\r\n\tvar el = document.currentScript;\r\n\tif (!el) return;\r\n\tvar form = el.closest(\"form\");\r\n\tif (!form || form.dataset.ssInit === \"1\") return;\r\n\tform.dataset.ssInit = \"1\";\r\n\tform.dataset.ssMode = \"protect\";\r\n\tform.dataset.ssSource = \"rule\";\r\n})();\r\n<\/script>\n\t<p class=\"form-row\">\n\t\t<label class=\"woocommerce-form__label woocommerce-form__label-for-checkbox woocommerce-form-login__rememberme\">\n\t\t\t<input class=\"woocommerce-form__input woocommerce-form__input-checkbox\" name=\"rememberme\" type=\"checkbox\" id=\"rememberme\" value=\"forever\" \/> <span>Se souvenir de moi<\/span>\n\t\t<\/label>\n\t\t<input type=\"hidden\" id=\"woocommerce-login-nonce\" name=\"woocommerce-login-nonce\" value=\"d58d27c72c\" \/><input type=\"hidden\" name=\"_wp_http_referer\" value=\"\/wpav\/wp-json\/wp\/v2\/pages\/346\" \/>\t\t<input type=\"hidden\" name=\"redirect\" value=\"\" \/>\n\t\t<button type=\"submit\" class=\"woocommerce-button button woocommerce-form-login__submit\" name=\"login\" value=\"Se connecter\">Se connecter<\/button>\n\t<\/p>\n\t<p class=\"lost_password\">\n\t\t<a href=\"https:\/\/harmoniser.fr\/wpav\/mon-compte\/lost-password\/\">Mot de passe perdu\u00a0?<\/a>\n\t<\/p>\n\n\t<div class=\"clear\"><\/div>\n\n\t\n<\/form>\n\r\n    \r\n    <\/strong><\/p>\n<p>Vous pourrez l\u2019utiliser d\u00e8s qu\u2019il sera valid\u00e9 (g\u00e9n\u00e9ralement dans les 24 h).<\/p>\n<p>Merci pour votre participation \u00e0 la diffusion des produits.<\/p>\n<p><img loading=\"lazy\" decoding=\"async\" class=\"size-full wp-image-1683 aligncenter\" src=\"http:\/\/p3013.webmo.me\/wpav\/wpav\/wp-content\/uploads\/2023\/09\/P1030933-rcdr.jpg\" alt=\"\" width=\"888\" height=\"644\" srcset=\"https:\/\/harmoniser.fr\/wpav\/wp-content\/uploads\/2023\/09\/P1030933-rcdr.jpg 888w, https:\/\/harmoniser.fr\/wpav\/wp-content\/uploads\/2023\/09\/P1030933-rcdr-600x435.jpg 600w, https:\/\/harmoniser.fr\/wpav\/wp-content\/uploads\/2023\/09\/P1030933-rcdr-300x218.jpg 300w, https:\/\/harmoniser.fr\/wpav\/wp-content\/uploads\/2023\/09\/P1030933-rcdr-768x557.jpg 768w\" sizes=\"auto, (max-width: 888px) 100vw, 888px\" \/><\/p>\n","protected":false},"excerpt":{"rendered":"<p>R\u00e9serv\u00e9 \u00e0 nos partenaires et futurs partenaires. Bonjour, Les harmonisateurs vous font du bien, et vous avez envie d\u2019en faire [&hellip;]<\/p>\n","protected":false},"author":2,"featured_media":0,"parent":0,"menu_order":0,"comment_status":"closed","ping_status":"closed","template":"","meta":{"site-sidebar-layout":"default","site-content-layout":"","ast-site-content-layout":"default","site-content-style":"default","site-sidebar-style":"default","ast-global-header-display":"","ast-banner-title-visibility":"","ast-main-header-display":"","ast-hfb-above-header-display":"","ast-hfb-below-header-display":"","ast-hfb-mobile-header-display":"","site-post-title":"","ast-breadcrumbs-content":"","ast-featured-img":"","footer-sml-layout":"","theme-transparent-header-meta":"","adv-header-id-meta":"","stick-header-meta":"","header-above-stick-meta":"","header-main-stick-meta":"","header-below-stick-meta":"","astra-migrate-meta-layouts":"default","ast-page-background-enabled":"default","ast-page-background-meta":{"desktop":{"background-color":"var(--ast-global-color-5)","background-image":"","background-repeat":"repeat","background-position":"center center","background-size":"auto","background-attachment":"scroll","background-type":"","background-media":"","overlay-type":"","overlay-color":"","overlay-opacity":"","overlay-gradient":""},"tablet":{"background-color":"","background-image":"","background-repeat":"repeat","background-position":"center center","background-size":"auto","background-attachment":"scroll","background-type":"","background-media":"","overlay-type":"","overlay-color":"","overlay-opacity":"","overlay-gradient":""},"mobile":{"background-color":"","background-image":"","background-repeat":"repeat","background-position":"center center","background-size":"auto","background-attachment":"scroll","background-type":"","background-media":"","overlay-type":"","overlay-color":"","overlay-opacity":"","overlay-gradient":""}},"ast-content-background-meta":{"desktop":{"background-color":"var(--ast-global-color-4)","background-image":"","background-repeat":"repeat","background-position":"center center","background-size":"auto","background-attachment":"scroll","background-type":"","background-media":"","overlay-type":"","overlay-color":"","overlay-opacity":"","overlay-gradient":""},"tablet":{"background-color":"var(--ast-global-color-4)","background-image":"","background-repeat":"repeat","background-position":"center center","background-size":"auto","background-attachment":"scroll","background-type":"","background-media":"","overlay-type":"","overlay-color":"","overlay-opacity":"","overlay-gradient":""},"mobile":{"background-color":"var(--ast-global-color-4)","background-image":"","background-repeat":"repeat","background-position":"center center","background-size":"auto","background-attachment":"scroll","background-type":"","background-media":"","overlay-type":"","overlay-color":"","overlay-opacity":"","overlay-gradient":""}},"footnotes":""},"class_list":["post-346","page","type-page","status-publish","hentry"],"_links":{"self":[{"href":"https:\/\/harmoniser.fr\/wpav\/wp-json\/wp\/v2\/pages\/346","targetHints":{"allow":["GET"]}}],"collection":[{"href":"https:\/\/harmoniser.fr\/wpav\/wp-json\/wp\/v2\/pages"}],"about":[{"href":"https:\/\/harmoniser.fr\/wpav\/wp-json\/wp\/v2\/types\/page"}],"author":[{"embeddable":true,"href":"https:\/\/harmoniser.fr\/wpav\/wp-json\/wp\/v2\/users\/2"}],"replies":[{"embeddable":true,"href":"https:\/\/harmoniser.fr\/wpav\/wp-json\/wp\/v2\/comments?post=346"}],"version-history":[{"count":49,"href":"https:\/\/harmoniser.fr\/wpav\/wp-json\/wp\/v2\/pages\/346\/revisions"}],"predecessor-version":[{"id":4704,"href":"https:\/\/harmoniser.fr\/wpav\/wp-json\/wp\/v2\/pages\/346\/revisions\/4704"}],"wp:attachment":[{"href":"https:\/\/harmoniser.fr\/wpav\/wp-json\/wp\/v2\/media?parent=346"}],"curies":[{"name":"wp","href":"https:\/\/api.w.org\/{rel}","templated":true}]}}